{"id":10,"date":"2020-04-29T21:40:58","date_gmt":"2020-04-29T21:40:58","guid":{"rendered":"http:\/\/marbarasesores.es\/?page_id=10"},"modified":"2024-03-11T08:02:24","modified_gmt":"2024-03-11T08:02:24","slug":"juridico","status":"publish","type":"page","link":"http:\/\/marbarasesores.es\/?page_id=10","title":{"rendered":"Asesor\u00eda Jur\u00eddica"},"content":{"rendered":"\n<div class=\"wp-block-columns is-layout-flex wp-container-core-columns-layout-1 wp-block-columns-is-layout-flex\">\n<div class=\"wp-block-column is-layout-flow wp-block-column-is-layout-flow\">\n<figure class=\"wp-block-image aligncenter size-full\"><img loading=\"lazy\" decoding=\"async\" width=\"800\" height=\"309\" src=\"http:\/\/marbarasesores.es\/wp-content\/uploads\/2024\/03\/cab_juridica.webp\" alt=\"\" class=\"wp-image-81\" srcset=\"http:\/\/marbarasesores.es\/wp-content\/uploads\/2024\/03\/cab_juridica.webp 800w, http:\/\/marbarasesores.es\/wp-content\/uploads\/2024\/03\/cab_juridica-300x116.webp 300w, http:\/\/marbarasesores.es\/wp-content\/uploads\/2024\/03\/cab_juridica-768x297.webp 768w\" sizes=\"(max-width: 800px) 100vw, 800px\" \/><\/figure>\n\n\n\n<p><\/p>\n\n\n\n<h2 class=\"wp-block-heading\">Asesor\u00eda Jur\u00eddica<\/h2>\n\n\n\n<p>En este \u00e1mbito nos encargamos de<strong> asesorar, acompa\u00f1ar, informar y coordinar <\/strong>la actividad empresarial en todo aquello relacionado con la <strong>aplicaci\u00f3n de normativas, leyes y reglamentos en materia de Derecho<\/strong>, ocupando todas las ramas de la misma.<\/p>\n\n\n\n<p>Su objetivo es el asesoramiento a nivel legal. Entre las tareas que desarrollamos en Marbar Asesores est\u00e1n:<\/p>\n\n\n\n<ul>\n<li>Elaboraci\u00f3n de <strong>propuestas con pol\u00edticas legales<\/strong> para que la empresa cumpla con la <strong>normativa<\/strong>.<\/li>\n\n\n\n<li><strong>Asesoramiento legal <\/strong>sobre el <strong>sector de actividad<\/strong> del negocio.<\/li>\n\n\n\n<li><strong>Acompa\u00f1amiento<\/strong>, <strong>asesoramiento<\/strong> y <strong>representaci\u00f3n<\/strong> de la empresa en <strong>procesos judiciales<\/strong>.<\/li>\n\n\n\n<li><strong>Informaci\u00f3n<\/strong> y <strong>actualizaci\u00f3n<\/strong> de las <strong>pol\u00edticas legales<\/strong> en funci\u00f3n de la entrada en vigor de nuevas normativas.<\/li>\n\n\n\n<li><strong>Coordinaci\u00f3n<\/strong> y <strong>elaboraci\u00f3n de informes<\/strong> sobre el cumplimiento de la ley.<\/li>\n\n\n\n<li><strong>Representaci\u00f3n de la empresa<\/strong> ante c<strong>ualquier requerimiento <\/strong>en materia legal por parte de las autoridades.<\/li>\n<\/ul>\n<\/div>\n<\/div>\n","protected":false},"excerpt":{"rendered":"<p>Asesor\u00eda Jur\u00eddica En este \u00e1mbito nos encargamos de asesorar, acompa\u00f1ar, informar y coordinar la actividad empresarial en todo aquello relacionado con la aplicaci\u00f3n de normativas, leyes y reglamentos en materia de Derecho, ocupando todas las ramas de la misma. Su objetivo es el asesoramiento a nivel legal. Entre las tareas que desarrollamos en Marbar Asesores [&hellip;]<\/p>\n","protected":false},"author":1,"featured_media":0,"parent":0,"menu_order":0,"comment_status":"closed","ping_status":"closed","template":"","meta":{"site-sidebar-layout":"default","site-content-layout":"","ast-site-content-layout":"","site-content-style":"default","site-sidebar-style":"default","ast-global-header-display":"","ast-banner-title-visibility":"","ast-main-header-display":"","ast-hfb-above-header-display":"","ast-hfb-below-header-display":"","ast-hfb-mobile-header-display":"","site-post-title":"disabled","ast-breadcrumbs-content":"","ast-featured-img":"","footer-sml-layout":"","theme-transparent-header-meta":"","adv-header-id-meta":"","stick-header-meta":"","header-above-stick-meta":"","header-main-stick-meta":"","header-below-stick-meta":"","astra-migrate-meta-layouts":"default","ast-page-background-enabled":"default","ast-page-background-meta":{"desktop":{"background-color":"var(--ast-global-color-4)","background-image":"","background-repeat":"repeat","background-position":"center center","background-size":"auto","background-attachment":"scroll","background-type":"","background-media":"","overlay-type":"","overlay-color":"","overlay-gradient":""},"tablet":{"background-color":"","background-image":"","background-repeat":"repeat","background-position":"center center","background-size":"auto","background-attachment":"scroll","background-type":"","background-media":"","overlay-type":"","overlay-color":"","overlay-gradient":""},"mobile":{"background-color":"","background-image":"","background-repeat":"repeat","background-position":"center center","background-size":"auto","background-attachment":"scroll","background-type":"","background-media":"","overlay-type":"","overlay-color":"","overlay-gradient":""}},"ast-content-background-meta":{"desktop":{"background-color":"var(--ast-global-color-5)","background-image":"","background-repeat":"repeat","background-position":"center center","background-size":"auto","background-attachment":"scroll","background-type":"","background-media":"","overlay-type":"","overlay-color":"","overlay-gradient":""},"tablet":{"background-color":"var(--ast-global-color-5)","background-image":"","background-repeat":"repeat","background-position":"center center","background-size":"auto","background-attachment":"scroll","background-type":"","background-media":"","overlay-type":"","overlay-color":"","overlay-gradient":""},"mobile":{"background-color":"var(--ast-global-color-5)","background-image":"","background-repeat":"repeat","background-position":"center center","background-size":"auto","background-attachment":"scroll","background-type":"","background-media":"","overlay-type":"","overlay-color":"","overlay-gradient":""}},"footnotes":""},"_links":{"self":[{"href":"http:\/\/marbarasesores.es\/index.php?rest_route=\/wp\/v2\/pages\/10"}],"collection":[{"href":"http:\/\/marbarasesores.es\/index.php?rest_route=\/wp\/v2\/pages"}],"about":[{"href":"http:\/\/marbarasesores.es\/index.php?rest_route=\/wp\/v2\/types\/page"}],"author":[{"embeddable":true,"href":"http:\/\/marbarasesores.es\/index.php?rest_route=\/wp\/v2\/users\/1"}],"replies":[{"embeddable":true,"href":"http:\/\/marbarasesores.es\/index.php?rest_route=%2Fwp%2Fv2%2Fcomments&post=10"}],"version-history":[{"count":14,"href":"http:\/\/marbarasesores.es\/index.php?rest_route=\/wp\/v2\/pages\/10\/revisions"}],"predecessor-version":[{"id":121,"href":"http:\/\/marbarasesores.es\/index.php?rest_route=\/wp\/v2\/pages\/10\/revisions\/121"}],"wp:attachment":[{"href":"http:\/\/marbarasesores.es\/index.php?rest_route=%2Fwp%2Fv2%2Fmedia&parent=10"}],"curies":[{"name":"wp","href":"https:\/\/api.w.org\/{rel}","templated":true}]}}